inder when 54 is divided by m.
16
Let n(u) = -u**2 - 4*u + 1. Let i(c) = c + 4. Let q be i(-7). What is the remainder when (-16)/10*(2/14)/(286/(-5005)) is divided by n(q)?
0
Let z be (1/3 - 1)/(50/10425). Let v = z - -234. Calculate the remainder when v is divided by 24.
23
Suppose -3*y - 1426 = -4*b - 96, -2*b - 430 = y. Calculate the remainder when 25 is divided by (-24)/(-10) + -3 + y/(-30).
11
Let v(d) = 9*d - 3. Let z be (-6)/4*-2 + 2. Let j(p) = 16*p**2 - p. What is the remainder when v(z) is divided by j(1)?
12
Suppose -163 = -12*v + 197. What is the remainder when v is divided by 16?
14
Suppose z - 3*a = -0*z + 73, -135 = -2*z - 5*a. Let l = -12040 + 12064. What is the remainder when z is divided by l?
22
Let f(y) = -10*y + 10*y**2 + y**2 - 721 - y**3 + 706. Let l be f(10). Calculate the remainder when 44 is divided by -3*-3*l/(-9).
14
Let c be (-4)/6*21/(-2). Suppose -c = -2*j + 19. Let f = -7 + j. Calculate the remainder when 10 is divided by f.
4
Suppose 10*z = 2*z - 472. Let w = -32 - z. Calculate the remainder when w is divided by 5.
2
Let v(r) = -2*r + 8. Let k(f) = f. Let i(c) = -k(c) - v(c). Suppose 5 = -2*s + 7*s. Calculate the remainder when i(10) is divided by s.
0
Let y be ((-10)/(-3))/(22/33). Suppose 18 = -y*s + 8. Calculate the remainder when 4 + 44/(0 - s) is divided by 9.
8
Let o(s) = -47*s**3 + 2*s**2 - 2*s - 6. Calculate the remainder when o(-2) is divided by 96.
94
Let u(z) = 119*z**2 + z - 2. Calculate the remainder when u(-2) is divided by 79.
77
Let w(b) = -4*b**3 - b**2 + 3*b + 1. Suppose -3*q - 15 = 0, 0 = -2*x - 3*q - 7 - 0. Suppose 2*r = x*r + 4. Calculate the remainder when 45 is divided by w(r).
22
Let g = 0 - -12. Suppose -g*v + 30 = -7*v. What is the remainder when 33 is divided by v?
3
Let o(p) = p**3 - 4*p**2 + 20. What is the remainder when 87 is divided by o(5)?
42
Suppose -2*j - 5*p = -77, -j + 2*j - 31 = 5*p. Calculate the remainder when j/24*44/3 is divided by 12.
10
Suppose -4*h + 92 = -4*i, 2*i + 12 - 110 = -4*h. Calculate the remainder when 71 is divided by h.
23
Let o(t) = 6*t - 1. Let z be o(3). Let x = z + -15. Suppose -x*a = 3*a - 235. What is the remainder when a is divided by 12?
11
Let p be (142/10)/((-1)/(-5)). Suppose -3*s - 4*r = -337, -2*s + 182 + p = -3*r. Let w = 190 - s. Calculate the remainder when w is divided by 18.
17
Suppose 0 = 3*x - 3*x + 5*x. Suppose 5*k + x*k - 125 = 0. What is the remainder when 93 is divided by k?
18
Let y = -122 - -154. What is the remainder when 104 is divided by y?
8
Suppose 434 = -3*i + 5*j, 0 = 3*j - 0*j - 3. Let w = i + 204. Suppose -d - 64 = -3*d. Calculate the remainder when w is divided by d.
29
Let w(k) = 2*k**2 + 51*k - 74. What is the remainder when 32 is divided by w(-27)?
4
Suppose 30*d - 24*d = 240. Calculate the remainder when d is divided by 28.
12
Let q(n) = 2*n**3 - 3*n**2 - 3*n + 5. Let x be q(4). Suppose 3*p - x = 14. Calculate the remainder when p is divided by -4*(-4 - 5/(-2)).
5
Let z(y) = 14*y + 883. Calculate the remainder when 1013 is divided by z(-61).
27
Suppose 2 = -s + 2*s. Suppose 6 = s*k - 6. What is the remainder when k is divided by 720/270*(-3)/(-2)?
2
Let f(q) = q**2 + q - 2. Let s be f(-5). What is the remainder when -6 - (7 - 21) - -10 is divided by 4/(-18) + 130/s?
4
Let a be (-2 - 0)/((-4)/(-6)). Let c = -553 - -561. Calculate the remainder when c is divided by 6/4*(-6)/a.
2
Suppose 551*r - 544*r - 56 = 0. Calculate the remainder when 29 + 0*(-2)/(-6) is divided by r.
5
Let b = 483 - 344. Calculate the remainder when b is divided by 11.
7
Suppose 3*i + 5*x - 39 = i, -5*x = -25. Let y(g) = -7*g - 20. What is the remainder when y(-6) is divided by i?
1
Let g = -882 - -943. Calculate the remainder when 256 is divided by g.
12
Suppose 8*i - 20 = 4*i. Suppose 2 = 3*m + 2*w, 7*m - 2*m = i*w + 45. Calculate the remainder when 50 is divided by 837/63 - m/14.
11
Let p(g) = -2*g**3 + 15*g**2 + 7*g + 11. Let s = 61 + -53. What is the remainder when p(s) is divided by 1?
0
Suppose -101 + 455 = 3*q. Suppose 0 = u + u - q. Let d(m) = 11*m - 3. Calculate the remainder when u is divided by d(3).
29
Let g(b) = 22*b**3 - 6*b**2 + 2*b + 3. Let u(p) = 23*p**3 - 5*p**2 + 2*p + 2. Let n(t) = -2*g(t) + 3*u(t). What is the remainder when n(1) is divided by 9?
6
Suppose 2*a = -4*g + 44, 2*a + 2*g - 118 = -2*a. Suppose 4*s - 9 = 3*s. Calculate the remainder when a is divided by s.
5
Suppose -3*d = 2*g, 3*g = -2*d - 0*d. Suppose -4*w + 3*w + 14 = d. What is the remainder when 54 is divided by w?
12
Let l be 16/(-6) + 1 - 15/45. Let b(o) = -10*o. Calculate the remainder when 37 is divided by b(l).
17
Let j = 100 - 48. Let c = 94 + -130. Let n = c + j. What is the remainder when 30 is divided by n?
14
Let z(c) = -c**2 - 10*c + 174. Calculate the remainder when 32 is divided by z(9).
2
Let t = 54 + -82. Let x = -10 - t. What is the remainder when x is divided by 10?
8
Let n = 12 + -7. Suppose -n = -s + 30. What is the remainder when s is divided by (-36)/(-8)*(3/3 - -1)?
8
Let o = 11 - 9. Let y = 4 - o. Suppose -g + y*a = g, 25 = g + 4*a. Calculate the remainder when g is divided by 3.
2
Let g(u) = u**3 + 10*u**2 + 9*u + 3. Let n be g(-9). What is the remainder when 22 is divided by ((-56)/(-21))/(1/n)?
6
Let s(b) = b**2 + 33*b + 10. What is the remainder when s(-34) is divided by 2?
0
Suppose 18*i + 4*l = 17*i + 335, -2*i + 5*l + 657 = 0. Calculate the remainder when i is divided by 37.
35
Let o(d) = -d**2 + 9*d + 24. Let k(j) = -4*j**2 + 2*j - 1. Let c be k(1). Let n(y) = 6*y**2 + 3*y + 1. Calculate the remainder when n(c) is divided by o(0).
22
Let d(c) = 2*c**3 + 25*c**2 + 35*c - 15. What is the remainder when 408 is divided by d(-10)?
3
Let i be (-12)/90 - 3414/45. Let g = -28 - i. What is the remainder when g is divided by 10?
8
Let q be 0/((-1 - 0) + 0). Suppose -3*v + 17 + 25 = q. Let m = 48 + -9. What is the remainder when m is divided by v?
11
Suppose -9 - 3 = -3*c, 0 = p + c - 14. Suppose 0 = -3*r, r + r = -5*k + 90. Calculate the remainder when k is divided by p.
8
Let r(z) = 227*z**3 - 2*z**2 + 4*z - 3. Calculate the remainder when r(1) is divided by 7.
2
Let w(o) = -o**3 - 11*o**2 + 12*o - 11. Let c be w(-12). Let r(n) = n**2 + 6*n + 2. Calculate the remainder when r(c) is divided by 20.
17
Let f = -13 - -14. Suppose -o + 3 - f = 0. Calculate the remainder when o is divided by ((-96)/(-42) - 2)*7.
0
Suppose 0 = 4*g - 4*n - 0*n + 156, -156 = 4*g - 3*n. Calculate the remainder when (g/(-26))/(3/34) is divided by 3.
2
Let j = 425 - 187. What is the remainder when j is divided by 49?
42
Suppose -30 = q - 111. Suppose -q = 2*i - 5*i. Let j = -14 + i. What is the remainder when 64 is divided by j?
12
Let j(b) = 9*b + 77. Calculate the remainder when j(-4) is divided by 25.
16
Suppose 70 = 2*c + 5*i, 2*c + i - 29 = c. Calculate the remainder when 481 is divided by c.
6
Calculate the remainder when 11 is divided by (4/(-10))/((-4)/40).
3
Suppose q = 8*q + 917. Let l = q - -141. What is the remainder when 35 is divided by l?
5
Let z(r) = -r**3 - 14*r**2 - 10*r - 64. Let u be z(-14). Let b = 3 + 1. Suppose 0*w = -b*w + u. What is the remainder when 54 is divided by w?
16
Suppose -5*b - 30 = -5*x, -6*b = 5*x - 5*b - 30. What is the remainder when 262 is divided by x?
4
Calculate the remainder when 24/(-300) - 132885/(-125) is divided by 13.
10
Let h be -1*2/4*14/7. What is the remainder when 57 is divided by 30/((h - -5) + (-3 - 0))?
27
Let j = -122 - -290. What is the remainder when j is divided by 86?
82
Suppose -2*p + 416 = 4*n, 7*n - 10*n = -2*p + 437. Calculate the remainder when p is divided by 69.
7
Suppose 8*s - 9*s + p + 49 = 0, 0 = 3*s - 4*p - 146. What is the remainder when 210 is divided by s?
10
Suppose 4 = h - 0. Suppose -o = o - 3*a - 15, 0 = 4*o + h*a - 40. What is the remainder when 33 is divided by o?
6
Suppose -24*i + 902 = -226. What is the remainder when 153 is divided by i?
12
Let r(q) = q**3 + 2*q**2 - 6*q + 10. Suppose 12*d + 32 = 200. What is the remainder when r(4) is divided by d?
12
Let w = -20 - -23. Suppose -83 - 1 = -w*k. What is the remainder when 45 is divided by 324/k - 9/(-21)?
9
Suppose 2*t = -o + 87, 2*o + 18*t = 17*t + 177. What is the remainder when o is divided by 82?
7
Let p be 7/((-35)/10) - (